 tens digit of 107046?
4
What is the thousands digit of 10658030?
8
What is the tens digit of 667329?
2
What is the tens digit of 13892729?
2
What is the thousands digit of 673530?
3
What is the hundred thousands digit of 790091?
7
What is the tens digit of 6934492?
9
What is the hundreds digit of 147540?
5
What is the thousands digit of 3716636?
6
What is the hundred thousands digit of 159905?
1
What is the thousands digit of 6194173?
4
What is the hundreds digit of 734577?
5
What is the tens digit of 4087942?
4
What is the hundreds digit of 1523863?
8
What is the units digit of 315054?
4
What is the tens digit of 514323?
2
What is the thousands digit of 1081862?
1
What is the hundred thousands digit of 215688?
2
What is the ten thousands digit of 75644?
7
What is the ten thousands digit of 1435859?
3
What is the units digit of 3261582?
2
What is the ten thousands digit of 4615954?
1
What is the millions digit of 10899262?
0
What is the tens digit of 300345?
4
What is the thousands digit of 1607691?
7
What is the tens digit of 980104?
0
What is the tens digit of 311688?
8
What is the ten millions digit of 14701242?
1
What is the hundreds digit of 59096?
0
What is the millions digit of 1616541?
1
What is the tens digit of 359325?
2
What is the ten thousands digit of 1151654?
5
What is the millions digit of 3606822?
3
What is the units digit of 7338039?
9
What is the thousands digit of 4255791?
5
What is the hundreds digit of 369270?
2
What is the hundreds digit of 383000?
0
What is the ten thousands digit of 812179?
1
What is the ten thousands digit of 706008?
0
What is the thousands digit of 690679?
0
What is the tens digit of 45386?
8
What is the millions digit of 2441586?
2
What is the hundreds digit of 3394471?
4
What is the hundred thousands digit of 186725?
1
What is the hundreds digit of 789235?
2
What is the ten thousands digit of 7310848?
1
What is the thousands digit of 458940?
8
What is the ten thousands digit of 199562?
9
What is the tens digit of 61573?
7
What is the tens digit of 510896?
9
What is the hundred thousands digit of 500489?
5
What is the hundreds digit of 708839?
8
What is the tens digit of 4159951?
5
What is the units digit of 571214?
4
What is the hundreds digit of 137925?
9
What is the hundred thousands digit of 418184?
4
What is the hundreds digit of 823738?
7
What is the hundreds digit of 1984132?
1
What is the tens digit of 135760?
6
What is the ten thousands digit of 8528640?
2
What is the hundreds digit of 346631?
6
What is the tens digit of 900926?
2
What is the ten thousands digit of 956081?
5
What is the hundreds digit of 222920?
9
What is the units digit of 2211571?
1
What is the hundreds digit of 1569037?
0
What is the units digit of 5412577?
7
What is the units digit of 217051?
1
What is the thousands digit of 25851992?
1
What is the hundred thousands digit of 8309772?
3
What is the hundreds digit of 125863?
8
What is the thousands digit of 5076852?
6
What is the ten thousands digit of 11561978?
6
What is the hundreds digit of 73209?
2
What is the hundreds digit of 357053?
0
What is the units digit of 119306?
6
What is the units digit of 871349?
9
What is the hundreds digit of 5566785?
7
What is the hundreds digit of 30943?
9
What is the ten thousands digit of 1554905?
5
What is the hundreds digit of 918794?
7
What is the hundred thousands digit of 355935?
3
What is the thousands digit of 2605687?
5
What is the hundred thousands digit of 282799?
2
What is the tens digit of 2338062?
6
What is the hundred thousands digit of 704447?
7
What is the ten thousands digit of 2410613?
1
What is the hundreds digit of 608365?
3
What is the ten thousands digit of 19791?
1
What is the hundred thousands digit of 8429869?
4
What is the units digit of 22328388?
8
What is the thousands digit of 1042776?
2
What is the hundreds digit of 186170?
1
What is the units digit of 21851?
1
What is the units digit of 8763065?
5
What is the hundred thousands digit of 500920?
5
What is the units digit of 283227?
7
What is the units digit of 75967?
7
What is the tens digit of 15990347?
4
What is the units digit of 17489179?
9
What is the ten thousands digit of 4179449?
7
What is the millions digit of 23321661?
3
What is the millions digit of 7729341?
7
What is the thousands digit of 44054?
4
What is the hundreds digit of 35836554?
5
What is the tens digit of 11120?
2
What is the ten thousands digit of 5404791?
0
What is the hundreds digit of 2005691?
6
What is the hundred thousands digit of 15189683?
1
What is the tens digit of 21502?
0
What is the units digit of 44980?
0
What is the hundreds digit of 235630?
6
What is the thousands digit of 23333228?
3
What is the thousands digit of 1208176?
8
What is the units digit of 588683?
3
What is the thousands digit of 3076126?
6
What is the hundred thousands digit of 124236?
1
What is the ten thousands digit of 1903505?
0
What is the thousands digit of 2934314?
4
What is the thousands digit of 1094399?
4
What is the thousands digit of 10550569?
0
What is the ten thousands digit of 234197?
3
What is the tens digit of 17160887?
8
What is the ten millions digit of 23832895?
2
What is the hundred thousands digit of 444157?
4
What is the ten thousands digit of 819413?
1
What is the hundreds digit of 201872?
8
What is the hundred thousands digit of 1175637?
1
What is the units digit of 1197262?
2
What is the ten thousands digit of 17141?
1
What is the millions digit of 1026832?
1
What is the hundred thousands digit of 495695?
4
What is the units digit of 15699861?
1
What is the millions digit of 4894479?
4
What is the thousands digit of 3469190?
9
What is the ten thousands digit of 563820?
6
What is the ten thousands digit of 148288?
4
What is the units digit of 6400856?
6
What is the hundred thousands digit of 8388046?
3
What is the thousands digit of 617587?
7
What is the tens digit of 380090?
9
What is the units digit of 201284?
4
What is the hundred thousands digit of 481597?
4
What is the units digit of 620758?
8
What is the ten thousands digit of 7056105?
5
What is the millions digit of 6946691?
6
What is the hundreds digit of 19263912?
9
What is the ten thousands digit of 1498444?
9
What is the hundreds digit of 9163326?
3
What is the ten thousands digit of 6042939?
4
What is the hundreds digit of 32689324?
3
What is the hundreds digit of 238052?
0
What is the ten thousands digit of 448787?
4
What is the hundred thousands digit of 806163?
8
What is the thousands digit of 34326?
4
What is the tens digit of 3456163?
6
What is the hundreds digit of 107422?
4
What is the hundred thousands digit of 9161071?
1
What is the units digit of 110406?
6
What is the ten thousands digit of 464400?
6
What is the hundreds digit of 13836937?
9
What is the hundred thousands digit of 3474453?
4
What is the millions digit of 3476867?
3
What is the ten thousands digit of 572666?
7
What is the thousands digit of 186299?
6
What is the units digit of 8967301?
1
What is the thousands digit of 929859?
9
What is the hundred thousands digit of 23085905?
0
What is the tens digit of 982386?
8
What is the ten thousands digit of 190304?
9
What is the hundred thousands digit of 15052662?
0
What is the thousands digit of 3387321?
7
What is the hundred thousands digit of 738011?
7
What is the thousands digit of 106748?
6
What is the hundred thousands digit of 681293?
6
What is the hundreds digit of 696614?
6
What is the ten millions digit of 17475296?
1
What is the thousands digit of 1599849?
9
What is the thousands digit of 3392631?
2
What is the thousands digit of 11649502?
9
What is the hundreds digit of 3004156?
1
What is the hundreds digit of 23648?
6
What is the tens digit of 589376?
7
What is the hundreds digit of 20072220?
2
What is the ten thousands digit of 571949?
7
What is the hundred thousands digit of 167537?
1
What is the thousands digit of 217304?
7
What is the hundreds digit of 2808586?
5
What is the units digit of 1902036?
6
What is the millions digit of 5159821?
5
What is the thousands digit of 60736?
0
What is the millions digit of 19272034?
9
What is the units digit of 916451?
1
What is the tens digit of 7563249?
4
What is the units digit of 22243304?
4
What is the units digit of 4214?
4
What is the h